{"id":11,"date":"2015-02-24T15:58:30","date_gmt":"2015-02-24T14:58:30","guid":{"rendered":"http:\/\/aueschule-finkenwerder.schulhomepages.hamburg.de\/?page_id=11"},"modified":"2025-08-25T16:00:44","modified_gmt":"2025-08-25T14:00:44","slug":"aktuelles-2","status":"publish","type":"page","link":"https:\/\/aueschule-finkenwerder.hamburg.de\/?page_id=11","title":{"rendered":"Impressum"},"content":{"rendered":"<blockquote>\n<p class=\"maintext\"><b>Aueschule Finkenwerder<br \/>\n<\/b>(Inklusive Ganztagsgrundschule mit Vorschule, Schwerpunktschule)<\/p>\n<p class=\"maintext\">Ostfrieslandstra\u00dfe 91<br \/>\n21129 Hamburg<br \/>\nTel.: (040) 428 7615 0<br \/>\n<span class=\"Apple-style-span\">Fax.: (040) 428 7615 22<br \/>\n<\/span>Leitzeichen: 635\/5100<\/p>\n<\/blockquote>\n<p class=\"maintext\">Email:\u00a0<span class=\"Apple-style-span\"><a href=\"mailto:aueschule-finkenwerder@bsb.hamburg.de\">aueschule-finkenwerder@bsb.hamburg.de<\/a><\/span><\/p>\n<p>Verantwortlich f\u00fcr den Inhalt: Uta Dirks (Schulleitung)<\/p>\n<p>Die Inhalte (Textmaterial sowie\u00a0Bilder und andere Medien) werden Internet-Nutzern ausschlie\u00dflich zum privaten Gebrauch zur Verf\u00fcgung gestellt. Jede gewerbliche Nutzung der Inhalte dieses Online-Angebotes ist unzul\u00e4ssig.<\/p>\n<p>Die einzelnen Beitr\u00e4ge sind ebenfalls urheberrechtlich gesch\u00fctzt, weitere Hinweise k\u00f6nnen ggf. dort nachgelesen werden.<\/p>\n<p>Alle Informationen auf diesem Server erfolgen ohne Gew\u00e4hr f\u00fcr ihre Richtigkeit. In keinem Fall wird f\u00fcr Sch\u00e4den, die sich aus der Verwendung der abgerufenen Informationen ergeben, eine Haftung \u00fcbernommen.<\/p>\n<p>Links<br \/>\nWir \u00fcbernehmen keine Verantwortung f\u00fcr den Inhalt derjenigen Internetseiten, die mit unserer Homepage verlinkt sind.<\/p>\n<p>Fotos<br \/>\nSollten Sie oder Ihr Kind auf dieser Homepage im Foto abgebildet sein, und Sie sind mit dieser Ver\u00f6ffentlichung nicht einverstanden &#8211; bitte eine kurze E-Mail an uns und das Foto verschwindet von der Homepage.<\/p>\n<p>&nbsp;<\/p>\n<p>&nbsp;<\/p>\n","protected":false},"excerpt":{"rendered":"<p>Aueschule Finkenwerder (Inklusive Ganztagsgrundschule mit Vorschule, Schwerpunktschule) Ostfrieslandstra\u00dfe 91 21129 Hamburg Tel.: (040) 428 7615 0 Fax.: (040) 428 7615 22 Leitzeichen: 635\/5100 Email:\u00a0aueschule-finkenwerder@bsb.hamburg.de Verantwortlich f\u00fcr den Inhalt: Uta Dirks (Schulleitung) Die Inhalte (Textmaterial sowie\u00a0Bilder und andere Medien) werden Internet-Nutzern ausschlie\u00dflich zum privaten Gebrauch zur Verf\u00fcgung gestellt. Jede gewerbliche Nutzung der Inhalte dieses Online-Angebotes ist &hellip; <a href=\"https:\/\/aueschule-finkenwerder.hamburg.de\/?page_id=11\" class=\"more-link\"><span class=\"screen-reader-text\">Impressum<\/span> weiterlesen <span class=\"meta-nav\">&rarr;<\/span><\/a><\/p>\n","protected":false},"author":242,"featured_media":0,"parent":0,"menu_order":0,"comment_status":"closed","ping_status":"closed","template":"","meta":{"_acf_changed":false,"footnotes":""},"class_list":["post-11","page","type-page","status-publish","hentry"],"acf":[],"_links":{"self":[{"href":"https:\/\/aueschule-finkenwerder.hamburg.de\/index.php?rest_route=\/wp\/v2\/pages\/11","targetHints":{"allow":["GET"]}}],"collection":[{"href":"https:\/\/aueschule-finkenwerder.hamburg.de\/index.php?rest_route=\/wp\/v2\/pages"}],"about":[{"href":"https:\/\/aueschule-finkenwerder.hamburg.de\/index.php?rest_route=\/wp\/v2\/types\/page"}],"author":[{"embeddable":true,"href":"https:\/\/aueschule-finkenwerder.hamburg.de\/index.php?rest_route=\/wp\/v2\/users\/242"}],"replies":[{"embeddable":true,"href":"https:\/\/aueschule-finkenwerder.hamburg.de\/index.php?rest_route=%2Fwp%2Fv2%2Fcomments&post=11"}],"version-history":[{"count":3,"href":"https:\/\/aueschule-finkenwerder.hamburg.de\/index.php?rest_route=\/wp\/v2\/pages\/11\/revisions"}],"predecessor-version":[{"id":5334,"href":"https:\/\/aueschule-finkenwerder.hamburg.de\/index.php?rest_route=\/wp\/v2\/pages\/11\/revisions\/5334"}],"wp:attachment":[{"href":"https:\/\/aueschule-finkenwerder.hamburg.de\/index.php?rest_route=%2Fwp%2Fv2%2Fmedia&parent=11"}],"curies":[{"name":"wp","href":"https:\/\/api.w.org\/{rel}","templated":true}]}}