{"id":24,"date":"2015-02-24T16:28:38","date_gmt":"2015-02-24T15:28:38","guid":{"rendered":"http:\/\/aueschule-finkenwerder.schulhomepages.hamburg.de\/?page_id=24"},"modified":"2018-05-02T12:33:45","modified_gmt":"2018-05-02T10:33:45","slug":"schulleben","status":"publish","type":"page","link":"https:\/\/aueschule-finkenwerder.hamburg.de\/?page_id=24","title":{"rendered":"Schulleben"},"content":{"rendered":"<p><span style=\"font-size: 14pt\">Auf diesen Seiten berichten wir \u00fcber Unterrichtsangebote,\u00a0 Projekte und Feste, neue Entwicklungen und gute Traditionen. Wir wollen damit einen \u00dcberblick geben \u00fcber unsere bunte und vielf\u00e4ltige Schulgemeinschaft.<br \/>\n<\/span><\/p>\n<p><a href=\"https:\/\/aueschule-finkenwerder.hamburg.de\/?page_id=884\"><span style=\"color: #3366ff\"><strong>Berichte aus den Klassen<\/strong><\/span><\/a><\/p>\n<p><span style=\"color: #3366ff\"><strong><a href=\"https:\/\/aueschule-finkenwerder.hamburg.de\/?p=893\"><span style=\"color: #3366ff\">Feste, Projekte und Events<\/span><\/a><br \/>\n<\/strong><\/span><\/p>\n<p><a href=\"https:\/\/aueschule-finkenwerder.hamburg.de\/?p=890\"><strong><span style=\"color: #3366ff\">Rund ums Lernen<\/span><\/strong><\/a><\/p>\n<p>&nbsp;<\/p>\n","protected":false},"excerpt":{"rendered":"<p>Auf diesen Seiten berichten wir \u00fcber Unterrichtsangebote,\u00a0 Projekte und Feste, neue Entwicklungen und gute Traditionen. Wir wollen damit einen \u00dcberblick geben \u00fcber unsere bunte und vielf\u00e4ltige Schulgemeinschaft. Berichte aus den Klassen Feste, Projekte und Events Rund ums Lernen &nbsp;<\/p>\n","protected":false},"author":242,"featured_media":0,"parent":0,"menu_order":0,"comment_status":"open","ping_status":"open","template":"","meta":{"_acf_changed":false,"footnotes":""},"class_list":["post-24","page","type-page","status-publish","hentry"],"acf":[],"_links":{"self":[{"href":"https:\/\/aueschule-finkenwerder.hamburg.de\/index.php?rest_route=\/wp\/v2\/pages\/24","targetHints":{"allow":["GET"]}}],"collection":[{"href":"https:\/\/aueschule-finkenwerder.hamburg.de\/index.php?rest_route=\/wp\/v2\/pages"}],"about":[{"href":"https:\/\/aueschule-finkenwerder.hamburg.de\/index.php?rest_route=\/wp\/v2\/types\/page"}],"author":[{"embeddable":true,"href":"https:\/\/aueschule-finkenwerder.hamburg.de\/index.php?rest_route=\/wp\/v2\/users\/242"}],"replies":[{"embeddable":true,"href":"https:\/\/aueschule-finkenwerder.hamburg.de\/index.php?rest_route=%2Fwp%2Fv2%2Fcomments&post=24"}],"version-history":[{"count":3,"href":"https:\/\/aueschule-finkenwerder.hamburg.de\/index.php?rest_route=\/wp\/v2\/pages\/24\/revisions"}],"predecessor-version":[{"id":909,"href":"https:\/\/aueschule-finkenwerder.hamburg.de\/index.php?rest_route=\/wp\/v2\/pages\/24\/revisions\/909"}],"wp:attachment":[{"href":"https:\/\/aueschule-finkenwerder.hamburg.de\/index.php?rest_route=%2Fwp%2Fv2%2Fmedia&parent=24"}],"curies":[{"name":"wp","href":"https:\/\/api.w.org\/{rel}","templated":true}]}}