{"id":2577,"date":"2020-10-07T11:25:55","date_gmt":"2020-10-07T09:25:55","guid":{"rendered":"https:\/\/aueschule-finkenwerder.hamburg.de\/?page_id=2577"},"modified":"2020-10-07T11:29:06","modified_gmt":"2020-10-07T09:29:06","slug":"vorschule","status":"publish","type":"page","link":"https:\/\/aueschule-finkenwerder.hamburg.de\/?page_id=2577","title":{"rendered":"Vorschule"},"content":{"rendered":"<figure id=\"attachment_519\" aria-describedby=\"caption-attachment-519\" style=\"width: 458px\" class=\"wp-caption alignnone\"><img loading=\"lazy\" decoding=\"async\" class=\" wp-image-519\" src=\"https:\/\/aueschule-finkenwerder.hamburg.de\/wp-content\/uploads\/sites\/153\/2016\/05\/JPEG-Bild-3CF67991ADCB-1-300x225.jpeg\" alt=\"Experimentieren\" width=\"458\" height=\"343\" srcset=\"https:\/\/aueschule-finkenwerder.hamburg.de\/wp-content\/uploads\/sites\/153\/2016\/05\/JPEG-Bild-3CF67991ADCB-1-300x225.jpeg 300w, https:\/\/aueschule-finkenwerder.hamburg.de\/wp-content\/uploads\/sites\/153\/2016\/05\/JPEG-Bild-3CF67991ADCB-1-150x113.jpeg 150w, https:\/\/aueschule-finkenwerder.hamburg.de\/wp-content\/uploads\/sites\/153\/2016\/05\/JPEG-Bild-3CF67991ADCB-1-1024x768.jpeg 1024w, https:\/\/aueschule-finkenwerder.hamburg.de\/wp-content\/uploads\/sites\/153\/2016\/05\/JPEG-Bild-3CF67991ADCB-1.jpeg 2048w\" sizes=\"auto, (max-width: 458px) 100vw, 458px\" \/><figcaption id=\"caption-attachment-519\" class=\"wp-caption-text\">Experimentieren<\/figcaption><\/figure>\n<h4>Die Vorschulklassen<\/h4>\n<p>An der Aueschule Finkenwerder gibt es drei Vorschulklassen. Jede Klasse ist mit einer Sozialp\u00e4dagogin\/ einem Sonderp\u00e4dagogen besetzt und wird stundenweise durch eine Sonderp\u00e4dagogin und einer Erzieherin\/ einem Erzieher unterst\u00fctzt.<br \/>\nDie Zusammenarbeit zwischen den Vorschulklassen ist sehr eng (Absprache der Lerninhalte, gemeinsame Drau\u00dfenspielzeiten und Ausfl\u00fcge).<br \/>\nVon 8.00 Uhr bis um 13.00 Uhr sind alle Vorschulkinder in ihrem jeweiligen Klassenverbund.<br \/>\nZus\u00e4tzlich ist eine Betreuung f\u00fcr folgende Zeiten buchbar:<\/p>\n<ul>\n<li>Fr\u00fchbetreuung (6:00 oder 7:00 Uhr bis 8:00 Uhr)<\/li>\n<li>Nachmittagsbetreuung (13:00 Uhr bis 16:00 Uhr) einschlie\u00dflich Mittagessen<\/li>\n<li>Sp\u00e4tbetreuung (16:00 Uhr bis 17:00 oder 18:00 Uhr)<\/li>\n<li>Auch in der Ferienbetreuung k\u00f6nnen die Kinder angemeldet werden.<\/li>\n<\/ul>\n<figure id=\"attachment_514\" aria-describedby=\"caption-attachment-514\" style=\"width: 474px\" class=\"wp-caption alignnone\"><img loading=\"lazy\" decoding=\"async\" class=\"size-large wp-image-514\" src=\"https:\/\/aueschule-finkenwerder.hamburg.de\/wp-content\/uploads\/sites\/153\/2016\/05\/JPEG-Bild-940392CD0421-1-1024x372.jpeg\" alt=\"Projekt Pinguine\" width=\"474\" height=\"172\" srcset=\"https:\/\/aueschule-finkenwerder.hamburg.de\/wp-content\/uploads\/sites\/153\/2016\/05\/JPEG-Bild-940392CD0421-1-1024x372.jpeg 1024w, https:\/\/aueschule-finkenwerder.hamburg.de\/wp-content\/uploads\/sites\/153\/2016\/05\/JPEG-Bild-940392CD0421-1-150x54.jpeg 150w, https:\/\/aueschule-finkenwerder.hamburg.de\/wp-content\/uploads\/sites\/153\/2016\/05\/JPEG-Bild-940392CD0421-1-300x109.jpeg 300w, https:\/\/aueschule-finkenwerder.hamburg.de\/wp-content\/uploads\/sites\/153\/2016\/05\/JPEG-Bild-940392CD0421-1.jpeg 2048w\" sizes=\"auto, (max-width: 474px) 100vw, 474px\" \/><figcaption id=\"caption-attachment-514\" class=\"wp-caption-text\">Projekt Pinguine<\/figcaption><\/figure>\n<h4>Projekte<\/h4>\n<p>Wir arbeiten in den Vorschulklassen projektorientiert mit jahreszeitlicher Anbindung (nat\u00fcrlich werden auch aktuelle Fragen, Interessen und Erlebnisse der Kinder aufgegriffen \u2013 situationsgebundener Ansatz).<br \/>\nZu jedem unserer Projekte entsteht ein Thementisch, der die wichtigsten Aspekte des jeweiligen Projekts widerspiegelt und den Kindern sehr anschaulich Gelegenheit gibt, sich immer wieder mit der Materie zu befassen.<\/p>\n<figure id=\"attachment_508\" aria-describedby=\"caption-attachment-508\" style=\"width: 474px\" class=\"wp-caption alignnone\"><img loading=\"lazy\" decoding=\"async\" class=\"size-large wp-image-508\" src=\"https:\/\/aueschule-finkenwerder.hamburg.de\/wp-content\/uploads\/sites\/153\/2016\/05\/JPEG-Bild-EBE20B8D2B59-1-1024x683.jpeg\" alt=\"Schwung\u00fcbungen\" width=\"474\" height=\"316\" srcset=\"https:\/\/aueschule-finkenwerder.hamburg.de\/wp-content\/uploads\/sites\/153\/2016\/05\/JPEG-Bild-EBE20B8D2B59-1-1024x683.jpeg 1024w, https:\/\/aueschule-finkenwerder.hamburg.de\/wp-content\/uploads\/sites\/153\/2016\/05\/JPEG-Bild-EBE20B8D2B59-1-150x100.jpeg 150w, https:\/\/aueschule-finkenwerder.hamburg.de\/wp-content\/uploads\/sites\/153\/2016\/05\/JPEG-Bild-EBE20B8D2B59-1-300x200.jpeg 300w, https:\/\/aueschule-finkenwerder.hamburg.de\/wp-content\/uploads\/sites\/153\/2016\/05\/JPEG-Bild-EBE20B8D2B59-1.jpeg 2048w\" sizes=\"auto, (max-width: 474px) 100vw, 474px\" \/><figcaption id=\"caption-attachment-508\" class=\"wp-caption-text\">Schwung\u00fcbungen<\/figcaption><\/figure>\n<h4>Arbeitszeit<\/h4>\n<p>W\u00e4hrend der Arbeitszeiten, die h\u00e4ufig unser aktuelles Thema aufgreifen, bekommen die Kinder verbindliche Aufgaben (wobei je nach Leistungsstand differenziert wird). Die Aufgabenpalette umfasst:\u00a0mathematische \u00dcbungen, Schwung\u00fcbungen (Vor\u00fcbungen zum Schreiben), Konzentrations\u00fcbungen, Wahrnehmungs\u00fcbungen, Schneide\u00fcbungen, Bastelarbeiten, gegenst\u00e4ndliches Zeichnen (mit Tusche, Kreide, Wachsmalstiften), Werken (mit Ton, Filz, Knete) und sachkundliche Aufgaben.<\/p>\n<figure id=\"attachment_509\" aria-describedby=\"caption-attachment-509\" style=\"width: 474px\" class=\"wp-caption alignnone\"><img loading=\"lazy\" decoding=\"async\" class=\"size-large wp-image-509\" src=\"https:\/\/aueschule-finkenwerder.hamburg.de\/wp-content\/uploads\/sites\/153\/2016\/05\/JPEG-Bild-EA212283781D-1-1024x768.jpeg\" alt=\"Bilderb\u00fccher vorlesen lassen\" width=\"474\" height=\"356\" srcset=\"https:\/\/aueschule-finkenwerder.hamburg.de\/wp-content\/uploads\/sites\/153\/2016\/05\/JPEG-Bild-EA212283781D-1-1024x768.jpeg 1024w, https:\/\/aueschule-finkenwerder.hamburg.de\/wp-content\/uploads\/sites\/153\/2016\/05\/JPEG-Bild-EA212283781D-1-150x113.jpeg 150w, https:\/\/aueschule-finkenwerder.hamburg.de\/wp-content\/uploads\/sites\/153\/2016\/05\/JPEG-Bild-EA212283781D-1-300x225.jpeg 300w, https:\/\/aueschule-finkenwerder.hamburg.de\/wp-content\/uploads\/sites\/153\/2016\/05\/JPEG-Bild-EA212283781D-1.jpeg 2048w\" sizes=\"auto, (max-width: 474px) 100vw, 474px\" \/><figcaption id=\"caption-attachment-509\" class=\"wp-caption-text\">Bilderb\u00fccher vorlesen lassen<\/figcaption><\/figure>\n<h4>Musikalische Fr\u00fcherziehung und<br \/>\nKinderyoga \/ Traumreisen<\/h4>\n<p>W\u00e4hrend die eine H\u00e4lfte der Klasse im Musikraum Instrumente kennenlernt, erste Rhythmuserfahrungen sammelt, singt und tanzt geht die andere H\u00e4lfte der Kinder auf Yoga- beziehungsweise Traumreise. Durch einen vierzehnt\u00e4gigen Wechsel kommen die Kinder in den Genuss beider Angebote.<\/p>\n<figure id=\"attachment_520\" aria-describedby=\"caption-attachment-520\" style=\"width: 960px\" class=\"wp-caption alignnone\"><img loading=\"lazy\" decoding=\"async\" class=\"size-full wp-image-520\" src=\"https:\/\/aueschule-finkenwerder.hamburg.de\/wp-content\/uploads\/sites\/153\/2016\/05\/JPEG-Bild-0B2CD6572C05-1.jpeg\" alt=\"Musikinstrumente kennen lernen\" width=\"960\" height=\"720\" srcset=\"https:\/\/aueschule-finkenwerder.hamburg.de\/wp-content\/uploads\/sites\/153\/2016\/05\/JPEG-Bild-0B2CD6572C05-1.jpeg 960w, https:\/\/aueschule-finkenwerder.hamburg.de\/wp-content\/uploads\/sites\/153\/2016\/05\/JPEG-Bild-0B2CD6572C05-1-150x113.jpeg 150w, https:\/\/aueschule-finkenwerder.hamburg.de\/wp-content\/uploads\/sites\/153\/2016\/05\/JPEG-Bild-0B2CD6572C05-1-300x225.jpeg 300w\" sizes=\"auto, (max-width: 960px) 100vw, 960px\" \/><figcaption id=\"caption-attachment-520\" class=\"wp-caption-text\">Musikinstrumente kennen lernen<\/figcaption><\/figure>\n<figure id=\"attachment_510\" aria-describedby=\"caption-attachment-510\" style=\"width: 474px\" class=\"wp-caption alignnone\"><img loading=\"lazy\" decoding=\"async\" class=\"size-large wp-image-510\" src=\"https:\/\/aueschule-finkenwerder.hamburg.de\/wp-content\/uploads\/sites\/153\/2016\/05\/JPEG-Bild-DBC9A14B5F8B-1-1024x683.jpeg\" alt=\"Rhythmus und Singen\" width=\"474\" height=\"316\" srcset=\"https:\/\/aueschule-finkenwerder.hamburg.de\/wp-content\/uploads\/sites\/153\/2016\/05\/JPEG-Bild-DBC9A14B5F8B-1-1024x683.jpeg 1024w, https:\/\/aueschule-finkenwerder.hamburg.de\/wp-content\/uploads\/sites\/153\/2016\/05\/JPEG-Bild-DBC9A14B5F8B-1-150x100.jpeg 150w, https:\/\/aueschule-finkenwerder.hamburg.de\/wp-content\/uploads\/sites\/153\/2016\/05\/JPEG-Bild-DBC9A14B5F8B-1-300x200.jpeg 300w, https:\/\/aueschule-finkenwerder.hamburg.de\/wp-content\/uploads\/sites\/153\/2016\/05\/JPEG-Bild-DBC9A14B5F8B-1.jpeg 2048w\" sizes=\"auto, (max-width: 474px) 100vw, 474px\" \/><figcaption id=\"caption-attachment-510\" class=\"wp-caption-text\">Rhythmus und Singen<\/figcaption><\/figure>\n<figure id=\"attachment_507\" aria-describedby=\"caption-attachment-507\" style=\"width: 474px\" class=\"wp-caption alignnone\"><img loading=\"lazy\" decoding=\"async\" class=\"size-large wp-image-507\" src=\"https:\/\/aueschule-finkenwerder.hamburg.de\/wp-content\/uploads\/sites\/153\/2016\/05\/JPEG-Bild-EDF74A541935-1-1024x768.jpeg\" alt=\"Traumreise\" width=\"474\" height=\"356\" srcset=\"https:\/\/aueschule-finkenwerder.hamburg.de\/wp-content\/uploads\/sites\/153\/2016\/05\/JPEG-Bild-EDF74A541935-1-1024x768.jpeg 1024w, https:\/\/aueschule-finkenwerder.hamburg.de\/wp-content\/uploads\/sites\/153\/2016\/05\/JPEG-Bild-EDF74A541935-1-150x113.jpeg 150w, https:\/\/aueschule-finkenwerder.hamburg.de\/wp-content\/uploads\/sites\/153\/2016\/05\/JPEG-Bild-EDF74A541935-1-300x225.jpeg 300w, https:\/\/aueschule-finkenwerder.hamburg.de\/wp-content\/uploads\/sites\/153\/2016\/05\/JPEG-Bild-EDF74A541935-1.jpeg 2048w\" sizes=\"auto, (max-width: 474px) 100vw, 474px\" \/><figcaption id=\"caption-attachment-507\" class=\"wp-caption-text\">Traumreise<\/figcaption><\/figure>\n<h4>Bewegung<\/h4>\n<p>Die Bedeutung von Bewegung f\u00fcr die kindliche Entwicklung ist hinl\u00e4nglich bekannt. Daher umfasst unser Vorschultag auch immer eine Bewegungseinheit:<br \/>\nSo findet mindestens einmal pro Woche in der <strong>Turnhalle <\/strong>eine Doppelstunde Sport statt.<br \/>\nBei mildem Wetter wird der <strong>Wasserspielplatz<\/strong> von den Kindern mit allen Sinnen genossen.<br \/>\nAu\u00dferdem verf\u00fcgt die Aueschule \u00fcber einen umfangreichen <strong>Fuhrpark <\/strong>von Kinderfahrzeugen. Die \u201eFahrzeugzeiten\u201c sind bei den Kindern \u00e4u\u00dferst beliebt und werden den Vorsch\u00fclern zweimal in der Woche angeboten.<br \/>\nWettergerecht gekleidet nutzen wir jeden Tag unser gro\u00dfes und attraktives <strong>Au\u00dfengel\u00e4nde<\/strong> an der frischen Luft.<\/p>\n<figure id=\"attachment_513\" aria-describedby=\"caption-attachment-513\" style=\"width: 474px\" class=\"wp-caption alignnone\"><img loading=\"lazy\" decoding=\"async\" class=\"size-large wp-image-513\" src=\"https:\/\/aueschule-finkenwerder.hamburg.de\/wp-content\/uploads\/sites\/153\/2016\/05\/JPEG-Bild-B3D844C7BBFD-1-768x1024.jpeg\" alt=\"Im Au\u00dfengel\u00e4nde der Aueschule\" width=\"474\" height=\"632\" srcset=\"https:\/\/aueschule-finkenwerder.hamburg.de\/wp-content\/uploads\/sites\/153\/2016\/05\/JPEG-Bild-B3D844C7BBFD-1-768x1024.jpeg 768w, https:\/\/aueschule-finkenwerder.hamburg.de\/wp-content\/uploads\/sites\/153\/2016\/05\/JPEG-Bild-B3D844C7BBFD-1-113x150.jpeg 113w, https:\/\/aueschule-finkenwerder.hamburg.de\/wp-content\/uploads\/sites\/153\/2016\/05\/JPEG-Bild-B3D844C7BBFD-1-225x300.jpeg 225w, https:\/\/aueschule-finkenwerder.hamburg.de\/wp-content\/uploads\/sites\/153\/2016\/05\/JPEG-Bild-B3D844C7BBFD-1.jpeg 1152w\" sizes=\"auto, (max-width: 474px) 100vw, 474px\" \/><figcaption id=\"caption-attachment-513\" class=\"wp-caption-text\">Im Au\u00dfengel\u00e4nde der Aueschule<\/figcaption><\/figure>\n<figure id=\"attachment_511\" aria-describedby=\"caption-attachment-511\" style=\"width: 474px\" class=\"wp-caption alignnone\"><img loading=\"lazy\" decoding=\"async\" class=\"size-large wp-image-511\" src=\"https:\/\/aueschule-finkenwerder.hamburg.de\/wp-content\/uploads\/sites\/153\/2016\/05\/JPEG-Bild-CDD1FCF6194E-1-1024x768.jpeg\" alt=\"Bewegungszeit in der Turnhalle\" width=\"474\" height=\"356\" srcset=\"https:\/\/aueschule-finkenwerder.hamburg.de\/wp-content\/uploads\/sites\/153\/2016\/05\/JPEG-Bild-CDD1FCF6194E-1-1024x768.jpeg 1024w, https:\/\/aueschule-finkenwerder.hamburg.de\/wp-content\/uploads\/sites\/153\/2016\/05\/JPEG-Bild-CDD1FCF6194E-1-150x113.jpeg 150w, https:\/\/aueschule-finkenwerder.hamburg.de\/wp-content\/uploads\/sites\/153\/2016\/05\/JPEG-Bild-CDD1FCF6194E-1-300x225.jpeg 300w, https:\/\/aueschule-finkenwerder.hamburg.de\/wp-content\/uploads\/sites\/153\/2016\/05\/JPEG-Bild-CDD1FCF6194E-1.jpeg 2048w\" sizes=\"auto, (max-width: 474px) 100vw, 474px\" \/><figcaption id=\"caption-attachment-511\" class=\"wp-caption-text\">Bewegungszeit in der Turnhalle<\/figcaption><\/figure>\n<h4>Spielzeit<\/h4>\n<p>Der Vorschultag beginnt mit einer Spielphase. W\u00e4hrend dieser Zeit k\u00f6nnen die Kinder die Spielbereiche wie zum Beispiel die Rollenspielecke, den Bauteppich, den Legotisch, die B\u00fccherecke oder auch Gesellschafts- und Lernspiele am Tisch frei w\u00e4hlen.<br \/>\nDie Interaktion mit unterschiedlichen Spielpartnern beinhaltet Absprachen und Kompromisse. Konflikte m\u00fcssen gewaltfrei gel\u00f6st und Toleranz ge\u00fcbt werden.<\/p>\n<p>&nbsp;<\/p>\n<figure id=\"attachment_517\" aria-describedby=\"caption-attachment-517\" style=\"width: 474px\" class=\"wp-caption alignnone\"><img loading=\"lazy\" decoding=\"async\" class=\"size-large wp-image-517\" src=\"https:\/\/aueschule-finkenwerder.hamburg.de\/wp-content\/uploads\/sites\/153\/2016\/05\/JPEG-Bild-126B85BB922D-1-1024x768.jpeg\" alt=\"Spielzeit\" width=\"474\" height=\"356\" srcset=\"https:\/\/aueschule-finkenwerder.hamburg.de\/wp-content\/uploads\/sites\/153\/2016\/05\/JPEG-Bild-126B85BB922D-1-1024x768.jpeg 1024w, https:\/\/aueschule-finkenwerder.hamburg.de\/wp-content\/uploads\/sites\/153\/2016\/05\/JPEG-Bild-126B85BB922D-1-150x112.jpeg 150w, https:\/\/aueschule-finkenwerder.hamburg.de\/wp-content\/uploads\/sites\/153\/2016\/05\/JPEG-Bild-126B85BB922D-1-300x225.jpeg 300w, https:\/\/aueschule-finkenwerder.hamburg.de\/wp-content\/uploads\/sites\/153\/2016\/05\/JPEG-Bild-126B85BB922D-1.jpeg 1651w\" sizes=\"auto, (max-width: 474px) 100vw, 474px\" \/><figcaption id=\"caption-attachment-517\" class=\"wp-caption-text\">Spielzeit<\/figcaption><\/figure>\n<h4>Morgenkreis<\/h4>\n<p>Im Morgenkreis werden Sachinformationen vermittelt, Geschichten vorgelesen, Lieder gesungen, Gedichte und Zungenbrecher gelernt und Fingerspiele gespielt.<\/p>\n<figure id=\"attachment_512\" aria-describedby=\"caption-attachment-512\" style=\"width: 474px\" class=\"wp-caption alignnone\"><img loading=\"lazy\" decoding=\"async\" class=\"size-large wp-image-512\" src=\"https:\/\/aueschule-finkenwerder.hamburg.de\/wp-content\/uploads\/sites\/153\/2016\/05\/JPEG-Bild-D729C9B4F8AD-1-1024x768.jpeg\" alt=\"Morgenkreis\" width=\"474\" height=\"356\" srcset=\"https:\/\/aueschule-finkenwerder.hamburg.de\/wp-content\/uploads\/sites\/153\/2016\/05\/JPEG-Bild-D729C9B4F8AD-1-1024x768.jpeg 1024w, https:\/\/aueschule-finkenwerder.hamburg.de\/wp-content\/uploads\/sites\/153\/2016\/05\/JPEG-Bild-D729C9B4F8AD-1-150x113.jpeg 150w, https:\/\/aueschule-finkenwerder.hamburg.de\/wp-content\/uploads\/sites\/153\/2016\/05\/JPEG-Bild-D729C9B4F8AD-1-300x225.jpeg 300w, https:\/\/aueschule-finkenwerder.hamburg.de\/wp-content\/uploads\/sites\/153\/2016\/05\/JPEG-Bild-D729C9B4F8AD-1.jpeg 2048w\" sizes=\"auto, (max-width: 474px) 100vw, 474px\" \/><figcaption id=\"caption-attachment-512\" class=\"wp-caption-text\">Morgenkreis<\/figcaption><\/figure>\n<h4>Fr\u00fchst\u00fcck<\/h4>\n<p>Wir fr\u00fchst\u00fccken gemeinsam. Die Kinder k\u00f6nnen sich so w\u00e4hrend der Pausen ganz auf das Spielen konzentrieren, ohne dass das Essen zu kurz kommt.<br \/>\nAu\u00dferdem bietet unser Fr\u00fchst\u00fcck Gelegenheit, mit der gesamten Klasse eine kommunikative und gem\u00fctliche Situation zu erleben.<\/p>\n<figure id=\"attachment_506\" aria-describedby=\"caption-attachment-506\" style=\"width: 474px\" class=\"wp-caption alignnone\"><img loading=\"lazy\" decoding=\"async\" class=\"size-large wp-image-506\" src=\"https:\/\/aueschule-finkenwerder.hamburg.de\/wp-content\/uploads\/sites\/153\/2016\/05\/JPEG-Bild-F7D05A6C9193-1-1024x768.jpeg\" alt=\"Fr\u00fchst\u00fcck\" width=\"474\" height=\"356\" srcset=\"https:\/\/aueschule-finkenwerder.hamburg.de\/wp-content\/uploads\/sites\/153\/2016\/05\/JPEG-Bild-F7D05A6C9193-1-1024x768.jpeg 1024w, https:\/\/aueschule-finkenwerder.hamburg.de\/wp-content\/uploads\/sites\/153\/2016\/05\/JPEG-Bild-F7D05A6C9193-1-150x113.jpeg 150w, https:\/\/aueschule-finkenwerder.hamburg.de\/wp-content\/uploads\/sites\/153\/2016\/05\/JPEG-Bild-F7D05A6C9193-1-300x225.jpeg 300w, https:\/\/aueschule-finkenwerder.hamburg.de\/wp-content\/uploads\/sites\/153\/2016\/05\/JPEG-Bild-F7D05A6C9193-1.jpeg 2048w\" sizes=\"auto, (max-width: 474px) 100vw, 474px\" \/><figcaption id=\"caption-attachment-506\" class=\"wp-caption-text\">Fr\u00fchst\u00fcck<\/figcaption><\/figure>\n<h4>Ausfl\u00fcge<\/h4>\n<p>Das Vorschulleben bewegt sich nicht nur innerhalb des Schulgel\u00e4ndes. Ausfl\u00fcge geh\u00f6ren zu unserem festen Repertoire:<br \/>\nDen <strong>Jenischpark<\/strong> suchen wir monatlich auf. Die Kinder lieben es, die zahlreichen Besch\u00e4ftigungsm\u00f6glichkeiten der Natur zu nutzen. Gleichzeitig k\u00f6nnen sie auf diese Weise den jahreszeitlichen Wandel verfolgen.<br \/>\nAm <strong>Elbstrand<\/strong> k\u00f6nnen sich die Vorsch\u00fcler\/innen bei sommerlicher Hitze vergn\u00fcgen und erfrischen.<br \/>\nUnser Apfelthema wurde durch den <strong>Besuch eines Obsthofes<\/strong> (wie sehen Apfelb\u00e4ume \u00fcberhaupt aus, welche verschiedenen Apfelsorten gibt es, wie kalt ist es in einem K\u00fchlhaus, wie funktioniert eine Apfelsortiermaschine,\u2026) veranschaulicht und vertieft.<br \/>\nZus\u00e4tzlich gehen wir ins <strong>Kindertheater<\/strong>, statten der <strong>B\u00fccherhalle<\/strong> einen Besuch ab und spazieren zu <strong>Spielpl\u00e4tzen<\/strong>.<\/p>\n<figure id=\"attachment_521\" aria-describedby=\"caption-attachment-521\" style=\"width: 474px\" class=\"wp-caption alignnone\"><img loading=\"lazy\" decoding=\"async\" class=\"size-large wp-image-521\" src=\"https:\/\/aueschule-finkenwerder.hamburg.de\/wp-content\/uploads\/sites\/153\/2016\/05\/Im-Jenischpark-1024x670.jpg\" alt=\"Im Jenischpark\" width=\"474\" height=\"310\" srcset=\"https:\/\/aueschule-finkenwerder.hamburg.de\/wp-content\/uploads\/sites\/153\/2016\/05\/Im-Jenischpark-1024x670.jpg 1024w, https:\/\/aueschule-finkenwerder.hamburg.de\/wp-content\/uploads\/sites\/153\/2016\/05\/Im-Jenischpark-150x98.jpg 150w, https:\/\/aueschule-finkenwerder.hamburg.de\/wp-content\/uploads\/sites\/153\/2016\/05\/Im-Jenischpark-300x196.jpg 300w, https:\/\/aueschule-finkenwerder.hamburg.de\/wp-content\/uploads\/sites\/153\/2016\/05\/Im-Jenischpark.jpg 2048w\" sizes=\"auto, (max-width: 474px) 100vw, 474px\" \/><figcaption id=\"caption-attachment-521\" class=\"wp-caption-text\">Im Jenischpark<\/figcaption><\/figure>\n<h4>Nachmittagsbetreuung<\/h4>\n<p>In der Zeit von 13.00 Uhr bis 16.00 Uhr werden die Nachmittagskinder von Erziehern\/Erzieherinnen und einer Honorarkraft betreut. Sie gehen gemeinsam zum Essen, haben die M\u00f6glichkeit an Angeboten der Schule teilzunehmen und verbringen gemeinsam den Nachmittag. Im Vordergrund steht die F\u00f6rderung von motorischen und kognitiven F\u00e4higkeiten durch sinnvolle Freizeitgestaltung.<br \/>\nVielf\u00e4ltige Angebote wie zum Beispiel Thementage, Projekte, Spielen, Basteln, Bilderbuchkino, ein kleiner Garten und Bewegung an der frischen Luft werden unter Ber\u00fccksichtigung der W\u00fcnsche der Kinder angeboten.<br \/>\nSoziales Miteinander, Entspannung und Spa\u00df stehen im Vordergrund und erg\u00e4nzen den Vorschulalltag.<\/p>\n<figure id=\"attachment_515\" aria-describedby=\"caption-attachment-515\" style=\"width: 474px\" class=\"wp-caption alignnone\"><img loading=\"lazy\" decoding=\"async\" class=\"size-large wp-image-515\" src=\"https:\/\/aueschule-finkenwerder.hamburg.de\/wp-content\/uploads\/sites\/153\/2016\/05\/JPEG-Bild-9662F9197F61-1-1024x768.jpeg\" alt=\"Malen und Basteln\" width=\"474\" height=\"356\" srcset=\"https:\/\/aueschule-finkenwerder.hamburg.de\/wp-content\/uploads\/sites\/153\/2016\/05\/JPEG-Bild-9662F9197F61-1-1024x768.jpeg 1024w, https:\/\/aueschule-finkenwerder.hamburg.de\/wp-content\/uploads\/sites\/153\/2016\/05\/JPEG-Bild-9662F9197F61-1-150x113.jpeg 150w, https:\/\/aueschule-finkenwerder.hamburg.de\/wp-content\/uploads\/sites\/153\/2016\/05\/JPEG-Bild-9662F9197F61-1-300x225.jpeg 300w, https:\/\/aueschule-finkenwerder.hamburg.de\/wp-content\/uploads\/sites\/153\/2016\/05\/JPEG-Bild-9662F9197F61-1.jpeg 2048w\" sizes=\"auto, (max-width: 474px) 100vw, 474px\" \/><figcaption id=\"caption-attachment-515\" class=\"wp-caption-text\">Malen und Basteln<\/figcaption><\/figure>\n<p>(verantwortlich: Anja Hink-Neumann und Mechthild Jacobs)<\/p>\n","protected":false},"excerpt":{"rendered":"<p>Die Vorschulklassen An der Aueschule Finkenwerder gibt es drei Vorschulklassen. Jede Klasse ist mit einer Sozialp\u00e4dagogin\/ einem Sonderp\u00e4dagogen besetzt und wird stundenweise durch eine Sonderp\u00e4dagogin und einer Erzieherin\/ einem Erzieher unterst\u00fctzt. Die Zusammenarbeit zwischen den Vorschulklassen ist sehr eng (Absprache der Lerninhalte, gemeinsame Drau\u00dfenspielzeiten und Ausfl\u00fcge). Von 8.00 Uhr bis um 13.00 Uhr sind alle &hellip; <a href=\"https:\/\/aueschule-finkenwerder.hamburg.de\/?page_id=2577\" class=\"more-link\"><span class=\"screen-reader-text\">Vorschule<\/span> weiterlesen <span class=\"meta-nav\">&rarr;<\/span><\/a><\/p>\n","protected":false},"author":1167,"featured_media":0,"parent":22,"menu_order":0,"comment_status":"closed","ping_status":"closed","template":"","meta":{"_acf_changed":false,"footnotes":""},"class_list":["post-2577","page","type-page","status-publish","hentry"],"acf":[],"_links":{"self":[{"href":"https:\/\/aueschule-finkenwerder.hamburg.de\/index.php?rest_route=\/wp\/v2\/pages\/2577","targetHints":{"allow":["GET"]}}],"collection":[{"href":"https:\/\/aueschule-finkenwerder.hamburg.de\/index.php?rest_route=\/wp\/v2\/pages"}],"about":[{"href":"https:\/\/aueschule-finkenwerder.hamburg.de\/index.php?rest_route=\/wp\/v2\/types\/page"}],"author":[{"embeddable":true,"href":"https:\/\/aueschule-finkenwerder.hamburg.de\/index.php?rest_route=\/wp\/v2\/users\/1167"}],"replies":[{"embeddable":true,"href":"https:\/\/aueschule-finkenwerder.hamburg.de\/index.php?rest_route=%2Fwp%2Fv2%2Fcomments&post=2577"}],"version-history":[{"count":2,"href":"https:\/\/aueschule-finkenwerder.hamburg.de\/index.php?rest_route=\/wp\/v2\/pages\/2577\/revisions"}],"predecessor-version":[{"id":2579,"href":"https:\/\/aueschule-finkenwerder.hamburg.de\/index.php?rest_route=\/wp\/v2\/pages\/2577\/revisions\/2579"}],"up":[{"embeddable":true,"href":"https:\/\/aueschule-finkenwerder.hamburg.de\/index.php?rest_route=\/wp\/v2\/pages\/22"}],"wp:attachment":[{"href":"https:\/\/aueschule-finkenwerder.hamburg.de\/index.php?rest_route=%2Fwp%2Fv2%2Fmedia&parent=2577"}],"curies":[{"name":"wp","href":"https:\/\/api.w.org\/{rel}","templated":true}]}}