{"id":2604,"date":"2020-10-07T12:16:45","date_gmt":"2020-10-07T10:16:45","guid":{"rendered":"https:\/\/aueschule-finkenwerder.hamburg.de\/?page_id=2604"},"modified":"2020-10-07T12:16:45","modified_gmt":"2020-10-07T10:16:45","slug":"das-schulsekretariat","status":"publish","type":"page","link":"https:\/\/aueschule-finkenwerder.hamburg.de\/?page_id=2604","title":{"rendered":"Das Schulsekretariat"},"content":{"rendered":"<p>Sie ist die erste Ansprechpartnerin f\u00fcr Eltern. Bei ihr klingelt st\u00e4ndig das Telefon. Zu ihr kommen alle P\u00e4dagogen der Schule, wenn sie &#8222;schnell mal eben&#8220; etwas wissen wollen und Kinder, wenn sie ein Pflaster oder ein K\u00fchlkissen brauchen. Sie ist die St\u00fctze der Schulleitung, wenn es um Zahlen, Listen und Berechnungen geht.<\/p>\n<p>Bei ihr laufen alle F\u00e4den des schulischen Alltagsgesch\u00e4fts zusammen: Die Schulsekret\u00e4rin.<\/p>\n<p>&nbsp;<\/p>\n<p>Seit September 2018 hat <strong>Frau Kuhn<\/strong> dieses Amt inne.<\/p>\n<p><img loading=\"lazy\" decoding=\"async\" class=\"alignnone wp-image-1653\" src=\"https:\/\/aueschule-finkenwerder.hamburg.de\/wp-content\/uploads\/sites\/153\/2018\/07\/P1020800-300x225.jpg\" alt=\"\" width=\"439\" height=\"329\" srcset=\"https:\/\/aueschule-finkenwerder.hamburg.de\/wp-content\/uploads\/sites\/153\/2018\/07\/P1020800-300x225.jpg 300w, https:\/\/aueschule-finkenwerder.hamburg.de\/wp-content\/uploads\/sites\/153\/2018\/07\/P1020800-150x113.jpg 150w, https:\/\/aueschule-finkenwerder.hamburg.de\/wp-content\/uploads\/sites\/153\/2018\/07\/P1020800-1024x768.jpg 1024w, https:\/\/aueschule-finkenwerder.hamburg.de\/wp-content\/uploads\/sites\/153\/2018\/07\/P1020800.jpg 2048w\" sizes=\"auto, (max-width: 439px) 100vw, 439px\" \/><\/p>\n","protected":false},"excerpt":{"rendered":"<p>Sie ist die erste Ansprechpartnerin f\u00fcr Eltern. Bei ihr klingelt st\u00e4ndig das Telefon. Zu ihr kommen alle P\u00e4dagogen der Schule, wenn sie &#8222;schnell mal eben&#8220; etwas wissen wollen und Kinder, wenn sie ein Pflaster oder ein K\u00fchlkissen brauchen. Sie ist die St\u00fctze der Schulleitung, wenn es um Zahlen, Listen und Berechnungen geht. Bei ihr laufen &hellip; <a href=\"https:\/\/aueschule-finkenwerder.hamburg.de\/?page_id=2604\" class=\"more-link\"><span class=\"screen-reader-text\">Das Schulsekretariat<\/span> weiterlesen <span class=\"meta-nav\">&rarr;<\/span><\/a><\/p>\n","protected":false},"author":1167,"featured_media":0,"parent":71,"menu_order":0,"comment_status":"closed","ping_status":"closed","template":"","meta":{"_acf_changed":false,"footnotes":""},"class_list":["post-2604","page","type-page","status-publish","hentry"],"acf":[],"_links":{"self":[{"href":"https:\/\/aueschule-finkenwerder.hamburg.de\/index.php?rest_route=\/wp\/v2\/pages\/2604","targetHints":{"allow":["GET"]}}],"collection":[{"href":"https:\/\/aueschule-finkenwerder.hamburg.de\/index.php?rest_route=\/wp\/v2\/pages"}],"about":[{"href":"https:\/\/aueschule-finkenwerder.hamburg.de\/index.php?rest_route=\/wp\/v2\/types\/page"}],"author":[{"embeddable":true,"href":"https:\/\/aueschule-finkenwerder.hamburg.de\/index.php?rest_route=\/wp\/v2\/users\/1167"}],"replies":[{"embeddable":true,"href":"https:\/\/aueschule-finkenwerder.hamburg.de\/index.php?rest_route=%2Fwp%2Fv2%2Fcomments&post=2604"}],"version-history":[{"count":1,"href":"https:\/\/aueschule-finkenwerder.hamburg.de\/index.php?rest_route=\/wp\/v2\/pages\/2604\/revisions"}],"predecessor-version":[{"id":2605,"href":"https:\/\/aueschule-finkenwerder.hamburg.de\/index.php?rest_route=\/wp\/v2\/pages\/2604\/revisions\/2605"}],"up":[{"embeddable":true,"href":"https:\/\/aueschule-finkenwerder.hamburg.de\/index.php?rest_route=\/wp\/v2\/pages\/71"}],"wp:attachment":[{"href":"https:\/\/aueschule-finkenwerder.hamburg.de\/index.php?rest_route=%2Fwp%2Fv2%2Fmedia&parent=2604"}],"curies":[{"name":"wp","href":"https:\/\/api.w.org\/{rel}","templated":true}]}}