{"id":2610,"date":"2020-10-07T12:30:01","date_gmt":"2020-10-07T10:30:01","guid":{"rendered":"https:\/\/aueschule-finkenwerder.hamburg.de\/?page_id=2610"},"modified":"2025-04-15T21:07:36","modified_gmt":"2025-04-15T19:07:36","slug":"unser-auedrachen","status":"publish","type":"page","link":"https:\/\/aueschule-finkenwerder.hamburg.de\/?page_id=2610","title":{"rendered":"Unser Auedrachen"},"content":{"rendered":"<p><span style=\"font-size: 18pt\"><strong>Unser Auedrachen &#8211; Theaterraum, Mensa und Aula in einem<\/strong><\/span><\/p>\n<p><span style=\"font-size: 14pt\">Seit 2010 haben wir diese gro\u00dfartige Mehrzweckhalle, die von allen wegen ihrer gr\u00fcnen Innenfarbe und der schuppigen Au\u00dfenfl\u00e4che liebevoll &#8222;Auedrachen&#8220; genannt wird.\u00a0<\/span><\/p>\n<p><span style=\"font-size: 14pt\">Im vorderen Teil beherbe<\/span><span style=\"font-size: 14pt\">rgt der Auedrachen die Mensa, in der die Kinder ihr Mittagessen einnehmen. Hier werden Elterninfoabende und die Elternvollversammlung abgehalten. Auch f\u00fcr Klassen- und Schulfeste wurde die Mensa schon genutzt.<\/span><\/p>\n<p><img loading=\"lazy\" decoding=\"async\" class=\"alignnone size-medium wp-image-5246\" src=\"https:\/\/aueschule-finkenwerder.hamburg.de\/wp-content\/uploads\/sites\/153\/2025\/04\/mensa-10-300x225.jpg\" alt=\"\" width=\"300\" height=\"225\" srcset=\"https:\/\/aueschule-finkenwerder.hamburg.de\/wp-content\/uploads\/sites\/153\/2025\/04\/mensa-10-300x225.jpg 300w, https:\/\/aueschule-finkenwerder.hamburg.de\/wp-content\/uploads\/sites\/153\/2025\/04\/mensa-10-150x113.jpg 150w, https:\/\/aueschule-finkenwerder.hamburg.de\/wp-content\/uploads\/sites\/153\/2025\/04\/mensa-10.jpg 640w\" sizes=\"auto, (max-width: 300px) 100vw, 300px\" \/><img loading=\"lazy\" decoding=\"async\" class=\"alignnone size-medium wp-image-5249\" src=\"https:\/\/aueschule-finkenwerder.hamburg.de\/wp-content\/uploads\/sites\/153\/2025\/04\/mensa-5-300x225.jpg\" alt=\"\" width=\"300\" height=\"225\" srcset=\"https:\/\/aueschule-finkenwerder.hamburg.de\/wp-content\/uploads\/sites\/153\/2025\/04\/mensa-5-300x225.jpg 300w, https:\/\/aueschule-finkenwerder.hamburg.de\/wp-content\/uploads\/sites\/153\/2025\/04\/mensa-5-150x113.jpg 150w, https:\/\/aueschule-finkenwerder.hamburg.de\/wp-content\/uploads\/sites\/153\/2025\/04\/mensa-5.jpg 640w\" sizes=\"auto, (max-width: 300px) 100vw, 300px\" \/><\/p>\n<p><span style=\"font-size: 14pt\">Im hintere Teil &#8211; abgetrennt durch eine Trennwand &#8211; liegt unser Theaterraum mit einer gro\u00dfen B\u00fchne, Umkleide- und Requisitenr\u00e4umen. Hier proben das Schulorchester und der Chor,\u00a0 die Theaterkurse, der Tanzkurs und auch einzelne Klassen im Theaterunterricht. Viermal j\u00e4hrlich treffen sich alle hier zu<\/span><span style=\"font-size: 14pt\">r Schulverammlung.\u00a0<\/span><\/p>\n<p><img loading=\"lazy\" decoding=\"async\" class=\"\" src=\"https:\/\/aueschule-finkenwerder.hamburg.de\/wp-content\/uploads\/sites\/153\/2018\/03\/P1020325.jpg\" width=\"465\" height=\"349\" \/><\/p>\n<p><span style=\"font-size: 14pt\">F\u00fcr Gro\u00dfveranstaltungen kann die Trennwand entfernt\u00a0 und die Mensa f\u00fcr Publium bestuhlt werden. So haben wir endlich optimale Bedingungen f\u00fcr Einschulungen und unsere vielf\u00e4ltigen Theater- und Musikauff\u00fchrungen.<\/span><\/p>\n<p><span style=\"font-size: 18pt\"><strong><img loading=\"lazy\" decoding=\"async\" class=\"alignnone wp-image-902\" src=\"https:\/\/aueschule-finkenwerder.hamburg.de\/wp-content\/uploads\/sites\/153\/2018\/03\/P1010576-300x225.jpg\" alt=\"\" width=\"467\" height=\"350\" srcset=\"https:\/\/aueschule-finkenwerder.hamburg.de\/wp-content\/uploads\/sites\/153\/2018\/03\/P1010576-300x225.jpg 300w, https:\/\/aueschule-finkenwerder.hamburg.de\/wp-content\/uploads\/sites\/153\/2018\/03\/P1010576-150x113.jpg 150w, https:\/\/aueschule-finkenwerder.hamburg.de\/wp-content\/uploads\/sites\/153\/2018\/03\/P1010576-1024x768.jpg 1024w, https:\/\/aueschule-finkenwerder.hamburg.de\/wp-content\/uploads\/sites\/153\/2018\/03\/P1010576.jpg 2048w\" sizes=\"auto, (max-width: 467px) 100vw, 467px\" \/><\/strong><\/span><\/p>\n<p>&nbsp;<\/p>\n","protected":false},"excerpt":{"rendered":"<p>Unser Auedrachen &#8211; Theaterraum, Mensa und Aula in einem Seit 2010 haben wir diese gro\u00dfartige Mehrzweckhalle, die von allen wegen ihrer gr\u00fcnen Innenfarbe und der schuppigen Au\u00dfenfl\u00e4che liebevoll &#8222;Auedrachen&#8220; genannt wird.\u00a0 Im vorderen Teil beherbergt der Auedrachen die Mensa, in der die Kinder ihr Mittagessen einnehmen. Hier werden Elterninfoabende und die Elternvollversammlung abgehalten. Auch f\u00fcr &hellip; <a href=\"https:\/\/aueschule-finkenwerder.hamburg.de\/?page_id=2610\" class=\"more-link\"><span class=\"screen-reader-text\">Unser Auedrachen<\/span> weiterlesen <span class=\"meta-nav\">&rarr;<\/span><\/a><\/p>\n","protected":false},"author":1167,"featured_media":0,"parent":84,"menu_order":0,"comment_status":"closed","ping_status":"closed","template":"","meta":{"_acf_changed":false,"footnotes":""},"class_list":["post-2610","page","type-page","status-publish","hentry"],"acf":[],"_links":{"self":[{"href":"https:\/\/aueschule-finkenwerder.hamburg.de\/index.php?rest_route=\/wp\/v2\/pages\/2610","targetHints":{"allow":["GET"]}}],"collection":[{"href":"https:\/\/aueschule-finkenwerder.hamburg.de\/index.php?rest_route=\/wp\/v2\/pages"}],"about":[{"href":"https:\/\/aueschule-finkenwerder.hamburg.de\/index.php?rest_route=\/wp\/v2\/types\/page"}],"author":[{"embeddable":true,"href":"https:\/\/aueschule-finkenwerder.hamburg.de\/index.php?rest_route=\/wp\/v2\/users\/1167"}],"replies":[{"embeddable":true,"href":"https:\/\/aueschule-finkenwerder.hamburg.de\/index.php?rest_route=%2Fwp%2Fv2%2Fcomments&post=2610"}],"version-history":[{"count":3,"href":"https:\/\/aueschule-finkenwerder.hamburg.de\/index.php?rest_route=\/wp\/v2\/pages\/2610\/revisions"}],"predecessor-version":[{"id":5259,"href":"https:\/\/aueschule-finkenwerder.hamburg.de\/index.php?rest_route=\/wp\/v2\/pages\/2610\/revisions\/5259"}],"up":[{"embeddable":true,"href":"https:\/\/aueschule-finkenwerder.hamburg.de\/index.php?rest_route=\/wp\/v2\/pages\/84"}],"wp:attachment":[{"href":"https:\/\/aueschule-finkenwerder.hamburg.de\/index.php?rest_route=%2Fwp%2Fv2%2Fmedia&parent=2610"}],"curies":[{"name":"wp","href":"https:\/\/api.w.org\/{rel}","templated":true}]}}