{"id":2667,"date":"2020-10-12T13:27:56","date_gmt":"2020-10-12T11:27:56","guid":{"rendered":"https:\/\/aueschule-finkenwerder.hamburg.de\/?page_id=2667"},"modified":"2024-06-14T15:53:14","modified_gmt":"2024-06-14T13:53:14","slug":"das-modellprojekt-moeglichmacher","status":"publish","type":"page","link":"https:\/\/aueschule-finkenwerder.hamburg.de\/?page_id=2667","title":{"rendered":"Das Modellprojekt &#8222;m\u00f6glichmacher&#8220;"},"content":{"rendered":"<p>Im Rahmen einer im Schuljahr 2018\/19 gestarteten Initiative der Schulbeh\u00f6rde mit dem Ziel, Schwerpunktschulen als inklusive Schulen f\u00fcr alle Kinder unabh\u00e4ngig von ihrem jeweiligen F\u00f6rderschwerpunkt zu st\u00e4rken, beteiligte sich die Aueschule gemeinsam mit sieben Grundschulen und vier Stadtteilschulen am Modellprojekt \u201em\u00f6glichmacher\u201c. Konzeptionell unterst\u00fctzt wurden wir dabei durch das Institut f\u00fcr Lehrerfortbildung. Die Schulbeh\u00f6rde stellte zus\u00e4tzliche Ressourcen f\u00fcr die Schulentwicklung zur Verf\u00fcgung.<\/p>\n<p>Das Projekt \u201e<em>hat zum Ziel, Bildungs- und Erziehungsangebote von Schwerpunktschulen so weiterzuentwickeln, dass sie zum Gelingen umfassender Teilhabe sowie bestm\u00f6glicher Bildungswege f\u00fcr alle Sch\u00fclerinnen und Sch\u00fcler beitragen. <\/em><\/p>\n<p><em>Ein differenzierter, adaptiver Unterricht f\u00fcr alle Sch\u00fclerinnen und Sch\u00fcler, sein Gelingen durch ein wirksames Erziehungskonzept und seine effiziente Vorbereitung im Team stehen im Zentrum des Modellprojekts.<\/em><\/p>\n<p><em>Gleichwohl soll die gesamte p\u00e4dagogische Alltagspraxis von Schwerpunktschulen wirksam und orientiert auf die Bed\u00fcrfnisse aller aber vor allem auch orientiert auf die besonderen Bed\u00fcrfnisse der Inklusion der Sch\u00fclerinnen und Sch\u00fcler mit speziellen sonderp\u00e4dagogischen F\u00f6rderbedarfen reflektiert und mit neuen Impulsen voran gebracht werden<\/em>.\u201c<\/p>\n<p>(aus der Kooperationsvereinbarung\u00a0 mit der Beh\u00f6rde f\u00fcr Schule und Berufsbildung vom 29.01.2019)<\/p>\n<p>Das Modellprojekt ist mit Ende des Schuljahres 2023\/24 abgeschlossen, die inhaltliche Arbeit aber noch lange nicht.<\/p>\n<p>Unser Abschlussbericht gibt einen \u00dcberblick \u00fcber die Schulentwicklungsthemen, die bei uns an der Aueschule im Projekt im Vordergrund standen:<\/p>\n<p><strong><span style=\"text-decoration: underline;background-color: #ffffff;color: #3366ff\"><a style=\"background-color: #ffffff;color: #3366ff;text-decoration: underline\" href=\"https:\/\/aueschule-finkenwerder.hamburg.de\/wp-content\/uploads\/sites\/153\/2024\/06\/Unsere-Schulentwicklung-im-moeglichmacher-Projekt.pdf\">Unsere Schulentwicklung im m\u00f6glichmacher-Projekt<\/a><\/span><\/strong><\/p>\n<p><strong><span style=\"text-decoration: underline;color: #3366ff\"><a style=\"color: #3366ff;text-decoration: underline\" href=\"https:\/\/aueschule-finkenwerder.hamburg.de\/wp-content\/uploads\/sites\/153\/2024\/06\/Leitideen-fuer-die-Schulentwicklung.pdf\">Leitideen f\u00fcr die Schulentwicklung<\/a><\/span><\/strong><\/p>\n<p><span style=\"text-decoration: underline\"><a href=\"https:\/\/aueschule-finkenwerder.hamburg.de\/wp-content\/uploads\/sites\/153\/2024\/06\/Schuelerarbeitszeit_lms.pdf\">Sch\u00fclerarbeitszeit<\/a><\/span><\/p>\n<p><span style=\"text-decoration: underline\"><a href=\"https:\/\/aueschule-finkenwerder.hamburg.de\/wp-content\/uploads\/sites\/153\/2024\/06\/Foerderplanung_lms.pdf\">F\u00f6rderplanung<\/a><\/span><\/p>\n<p><a href=\"https:\/\/aueschule-finkenwerder.hamburg.de\/wp-content\/uploads\/sites\/153\/2024\/06\/Ein-Inhalt_23-Zugaenge_lms.pdf\"><span style=\"text-decoration: underline\">Ein Inhalt_23 Zug\u00e4nge<\/span><\/a><\/p>\n<p><span style=\"text-decoration: underline\"><a href=\"https:\/\/aueschule-finkenwerder.hamburg.de\/wp-content\/uploads\/sites\/153\/2024\/06\/Psychomotorik.pdf\">Psychomotorik<\/a><\/span><\/p>\n<p><span style=\"text-decoration: underline\"><a href=\"https:\/\/aueschule-finkenwerder.hamburg.de\/wp-content\/uploads\/sites\/153\/2024\/06\/Die-\u201eInsel.pdf\">Die \u201eInsel&#8220;<\/a><\/span><\/p>\n<p><span style=\"text-decoration: underline\"><a href=\"https:\/\/aueschule-finkenwerder.hamburg.de\/wp-content\/uploads\/sites\/153\/2024\/06\/Die-\u201eOptimisten.pdf\">Die \u201eOptimisten&#8220;<\/a><\/span><\/p>\n<p><span style=\"text-decoration: underline\"><a href=\"https:\/\/aueschule-finkenwerder.hamburg.de\/wp-content\/uploads\/sites\/153\/2024\/06\/Der-\u201eAuehafen.pdf\">Der \u201eAuehafen&#8220;<\/a><\/span><\/p>\n<p><span style=\"text-decoration: underline\">Mehr Information finden Sie hier:<\/span><\/p>\n<p><a href=\"https:\/\/www.hamburg.de\/bsb\/pressemitteilungen\/12393496\/2019-04-01-bsb-modellprojekt-moeglichmacher\/\">https:\/\/www.hamburg.de\/bsb\/pressemitteilungen\/12393496\/2019-04-01-bsb-modellprojekt-moeglichmacher\/<\/a><\/p>\n","protected":false},"excerpt":{"rendered":"<p>Im Rahmen einer im Schuljahr 2018\/19 gestarteten Initiative der Schulbeh\u00f6rde mit dem Ziel, Schwerpunktschulen als inklusive Schulen f\u00fcr alle Kinder unabh\u00e4ngig von ihrem jeweiligen F\u00f6rderschwerpunkt zu st\u00e4rken, beteiligte sich die Aueschule gemeinsam mit sieben Grundschulen und vier Stadtteilschulen am Modellprojekt \u201em\u00f6glichmacher\u201c. Konzeptionell unterst\u00fctzt wurden wir dabei durch das Institut f\u00fcr Lehrerfortbildung. Die Schulbeh\u00f6rde stellte zus\u00e4tzliche &hellip; <a href=\"https:\/\/aueschule-finkenwerder.hamburg.de\/?page_id=2667\" class=\"more-link\"><span class=\"screen-reader-text\">Das Modellprojekt &#8222;m\u00f6glichmacher&#8220;<\/span> weiterlesen <span class=\"meta-nav\">&rarr;<\/span><\/a><\/p>\n","protected":false},"author":1167,"featured_media":0,"parent":0,"menu_order":0,"comment_status":"closed","ping_status":"closed","template":"","meta":{"_acf_changed":false,"footnotes":""},"class_list":["post-2667","page","type-page","status-publish","hentry"],"acf":[],"_links":{"self":[{"href":"https:\/\/aueschule-finkenwerder.hamburg.de\/index.php?rest_route=\/wp\/v2\/pages\/2667","targetHints":{"allow":["GET"]}}],"collection":[{"href":"https:\/\/aueschule-finkenwerder.hamburg.de\/index.php?rest_route=\/wp\/v2\/pages"}],"about":[{"href":"https:\/\/aueschule-finkenwerder.hamburg.de\/index.php?rest_route=\/wp\/v2\/types\/page"}],"author":[{"embeddable":true,"href":"https:\/\/aueschule-finkenwerder.hamburg.de\/index.php?rest_route=\/wp\/v2\/users\/1167"}],"replies":[{"embeddable":true,"href":"https:\/\/aueschule-finkenwerder.hamburg.de\/index.php?rest_route=%2Fwp%2Fv2%2Fcomments&post=2667"}],"version-history":[{"count":6,"href":"https:\/\/aueschule-finkenwerder.hamburg.de\/index.php?rest_route=\/wp\/v2\/pages\/2667\/revisions"}],"predecessor-version":[{"id":4844,"href":"https:\/\/aueschule-finkenwerder.hamburg.de\/index.php?rest_route=\/wp\/v2\/pages\/2667\/revisions\/4844"}],"wp:attachment":[{"href":"https:\/\/aueschule-finkenwerder.hamburg.de\/index.php?rest_route=%2Fwp%2Fv2%2Fmedia&parent=2667"}],"curies":[{"name":"wp","href":"https:\/\/api.w.org\/{rel}","templated":true}]}}